455?
True
Does 7 divide 1608207769?
True
Does 49 divide 888791?
False
Is 6 a factor of 893533536?
True
Does 5 divide 333636297?
False
Is 5 a factor of 43983010?
True
Is 1704539 a multiple of 526?
False
Does 24 divide 63831314?
False
Is 779445920 a multiple of 272?
True
Does 36 divide 52681284?
True
Does 1546 divide 446073922?
False
Is 173 a factor of 24809471?
False
Does 347 divide 20642907?
False
Does 246 divide 360111282?
True
Is 690592448 a multiple of 4528?
True
Does 217 divide 571140311?
True
Does 19 divide 2874789481?
False
Is 183 a factor of 418737782?
False
Is 1112 a factor of 70846632?
True
Is 10 a factor of 46537220?
True
Is 10032120 a multiple of 945?
True
Is 22102061 a multiple of 37?
True
Is 249 a factor of 47841193?
False
Does 46 divide 5298694?
True
Does 14 divide 47125670?
False
Is 512639412 a multiple of 1138?
True
Is 2452 a factor of 6103645?
False
Does 45 divide 1686454335?
True
Does 63 divide 405849207?
False
Is 38 a factor of 3008759706?
True
Is 8 a factor of 161219384?
True
Is 13 a factor of 131679444?
True
Is 10 a factor of 320704930?
True
Is 4 a factor of 2054676?
True
Is 1315563498 a multiple of 18?
True
Is 84543771 a multiple of 13?
True
Does 20 divide 581124440?
True
Is 330482100 a multiple of 156?
True
Is 267256993 a multiple of 283?
True
Is 2136408 a multiple of 3?
True
Does 584 divide 490370494?
False
Does 7 divide 9876759?
False
Does 125 divide 753125?
True
Is 37 a factor of 35390241?
True
Is 23 a factor of 1489983516?
True
Is 26 a factor of 554502?
True
Is 127040416 a multiple of 928?
True
Is 278882088 a multiple of 1758?
True
Does 37 divide 1729629750?
True
Is 277 a factor of 9614338?
False
Is 2314434634 a multiple of 57?
False
Does 34 divide 824412659?
False
Does 8 divide 473554544?
True
Does 54 divide 558437334?
False
Is 114 a factor of 1971818898?
True
Is 22 a factor of 191365775?
False
Is 57351673 a multiple of 67?
False
Is 309 a factor of 795671712?
False
Is 3 a factor of 45690812?
False
Is 27802267 a multiple of 32?
False
Is 1384 a factor of 3757951672?
True
Is 12705687 a multiple of 6?
False
Is 44 a factor of 148018051?
False
Is 297249204 a multiple of 1623?
True
Is 2468379253 a multiple of 83?
False
Does 13 divide 167606478?
True
Is 340 a factor of 1203764560?
True
Does 28 divide 3736180?
True
Is 996017308 a multiple of 5599?
True
Is 2 a factor of 25880854?
True
Does 13 divide 1602898310?
True
Does 59 divide 39624636?
True
Is 42375610 a multiple of 1093?
True
Does 118 divide 3564190?
True
Is 54740292 a multiple of 31?
False
Does 356 divide 7760264?
False
Is 6868463 a multiple of 65?
False
Does 69 divide 2643743142?
True
Is 10103716 a multiple of 667?
True
Does 372 divide 439793280?
True
Does 1876 divide 43863728?
False
Is 318 a factor of 24571257?
False
Does 266 divide 16717302?
True
Is 2391287838 a multiple of 133?
False
Is 4816 a factor of 5550999226?
False
Is 1031114892 a multiple of 532?
False
Is 674091900 a multiple of 25?
True
Is 23 a factor of 71944782?
True
Is 70 a factor of 992742940?
True
Does 21 divide 121412319?
True
Is 34 a factor of 139365592?
True
Does 21 divide 55033563?
False
Is 2027972663 a multiple of 12?
False
Does 56 divide 3004120?
True
Does 7 divide 172008143?
False
Does 394 divide 8173136?
True
Is 2936 a factor of 17548472?
True
Is 287148288 a multiple of 434?
True
Is 685311494 a multiple of 1441?
False
Is 12 a factor of 10402097?
False
Does 1437 divide 38677134?
False
Does 3640 divide 634859528?
False
Is 131018644 a multiple of 196?
False
Is 2329118477 a multiple of 269?
True
Is 25804856 a multiple of 56?
True
Is 2774 a factor of 95128782?
True
Does 45 divide 16971207?
False
Is 410 a factor of 1520106160?
True
Is 55 a factor of 3570887210?
True
Does 381 divide 1341759318?
True
Is 131 a factor of 831401906?
False
Is 139996410 a multiple of 579?
True
Does 1191 divide 50651208?
False
Does 20 divide 5587435438?
False
Does 128 divide 2769067264?
True
Is 247113483 a multiple of 54?
False
Is 419503650 a multiple of 15?
True
Does 20 divide 366842330?
False
Is 6 a factor of 8542555?
False
Is 8754933 a multiple of 396?
False
Does 7813 divide 101682402?
False
Is 35983140 a multiple of 5?
True
Does 90 divide 735260?
False
Does 133 divide 368869150?
False
Does 19 divide 1492203456?
True
Does 14 divide 17626154?
True
Is 13 a factor of 5502787?
False
Is 751116232 a multiple of 61?
False
Is 151573706 a multiple of 5121?
False
Is 100071132 a multiple of 14?
True
Is 6 a factor of 297228?
True
Is 2285451718 a multiple of 130?
False
Is 51892544 a multiple of 121?
True
Is 161 a factor of 170445870?
True
Is 2707881682 a multiple of 70?
False
Is 1718572240 a multiple of 5495?
True
Is 11 a factor of 14622910?
False
Is 749595 a multiple of 363?
True
Is 1082 a factor of 157839480?
False
Is 25419006 a multiple of 18?
True
Is 227 a factor of 888589230?
True
Does 58 divide 3624669?
False
Is 9145890 a multiple of 5?
True
Is 485 a factor of 97193650?
False
Is 232 a factor of 8363832?
True
Is 1296433573 a multiple of 673?
False
Does 23 divide 184160388?
False
Does 10 divide 27426160?
True
Is 73 a factor of 127739371?
False
Is 13426332 a multiple of 632?
False
Is 300 a factor of 3346800?
True
Does 43 divide 6993047?
True
Is 657047718 a multiple of 177?
True
Is 2006532781 a multiple of 5472?
False
Does 919 divide 4283298694?
False
Is 58547115 a multiple of 9?
True
Is 40484138 a multiple of 7?
False
Is 17 a factor of 8527455?
True
Is 4 a factor of 1380657536?
True
Does 104 divide 5812456?
True
Does 8 divide 692033992?
True
Is 97 a factor of 1000791240?
False
Is 2156 a factor of 15223516?
True
Does 833 divide 148894332?
False
Is 13 a factor of 1644096885?
False
Is 181 a factor of 7376357?
False
Is 224143629 a multiple of 2357?
True
Is 2691749088 a multiple of 258?
True
Does 614 divide 42983177?
False
Does 734 divide 154290764?
False
Is 79 a factor of 9596558?
False
Is 89 a factor of 58387816?
False
Is 347 a factor of 62760155?
True
Is 145418628 a multiple of 19?
True
Does 150 divide 7759217?
False
Is 302 a factor of 213356356?
True
Is 10 a factor of 6029790?
True
Is 22333210 a multiple of 378?
False
Is 15 a factor of 147501467?
False
Is 16 a factor of 2415780032?
True
Is 73530056 a multiple of 164?
True
Is 990 a factor of 80018973?
False
Is 672945840 a multiple of 180?
True
Does 368 divide 2802179561?
False
Is 63296409 a multiple of 1199?
True
Is 392217860 a multiple of 1205?
True
Is 393655496 a multiple of 28?
False
Is 232523103 a multiple of 122?
False
Is 3255520 a multiple of 160?
True
Is 37 a factor of 72268881?
True
Is 130570124 a multiple of 14?
False
Does 342 divide 3547659?
False
Does 1033 divide 287170901?
True
Is 72435423 a multiple of 24?
False
Does 195 divide 11725458?
False
Is 8840 a factor of 994765200?
True
Does 2689 divide 1660417165?
True
Does 8 divide 5658273?
False
Is 20439202 a multiple of 157?
True
Is 425667462 a multiple of 66?
True
Is 18809992 a multiple of 1188?
False
Does 1326 divide 1295365009?
False
Is 50 a factor of 1870303800?
True
Is 3317288 a multiple of 668?
True
Is 794866148 a multiple of 2303?
False
Is 49693930 a multiple of 1045?
True
Does 22 divide 111159422?
True
Is 38895441 a multiple of 4086?
False
Is 657807120 a multiple of 30?
True
Is 30 a factor of 4592124583?
False
Does 4 divide 36490164?
True
Is 1633 a factor of 339443324?
False
Is 3738231 a multiple of 63?
True
Is 12 a factor of 19528502?
False
Is 1996 a factor of 939291652?
True
Is 33980976 a multiple of 18?
True
Does 62 divide 41717630?
True
Is 1943459727 a multiple of 11?
True
Does 923 divide 33753920?
False
Is 34368873 a multiple of 11?
True
Does 147 divide 59117961?
True
Is 6493 a factor of 630418356?
True
Is 128 a factor of 2858239476?
False
Is 199787300 a multiple of 50?
True
Is 25208604 a multiple of 18?
True
Does 777 divide 328131823?
False
Does 44 divide 3113545?
False
Is 481 a factor of 14566458?
False
Does 105 divide 1791696212?
False
Is 16379922 a multiple of 78?
True
Does 86 divide 515881922?
True
Does 23 divide 19220278?
False
Is 30 a factor of 401231306?
False
Does 2 divide 4697943?
False
Is 22933184 a multiple of 10?
False
Does 2602 divide 83773680?
False
Is 64267636 a multiple of 2?
True
Is 609 a factor of 8024793?
True
Is 82 a factor of 9969970?
True
Is 166581913 a multiple of 15?
False
Does 3166